{"id":14,"date":"2016-10-18T10:38:41","date_gmt":"2016-10-18T08:38:41","guid":{"rendered":"http:\/\/lider-clean-auto.fr\/?page_id=14"},"modified":"2022-09-30T16:02:03","modified_gmt":"2022-09-30T14:02:03","slug":"presentation","status":"publish","type":"page","link":"https:\/\/lider-clean-auto.fr\/index.php\/presentation\/","title":{"rendered":"Pr\u00e9sentation"},"content":{"rendered":"<p><strong>Lider Clean Auto <\/strong>est le sp\u00e9cialiste de la pr\u00e9paration esth\u00e9tique auto pour particuliers ou professionnels, dipl\u00f4m\u00e9 et vrai passionn\u00e9, nous r\u00e9alisons sur vos v\u00e9hicules :<\/p>\n<ul style=\"list-style-type: disc;\">\n<li>Du nettoyage sans eau ,d\u00e9graissage des si\u00e8ges ,moquettes&#8230;<\/li>\n<li>du convoyage de v\u00e9hicules pro ou particuliers<\/li>\n<li>De la pose de film teint\u00e9 (vitre teint\u00e9e),<\/li>\n<li>Du covering total, partiel ou publicitaire (particuliers ou professionnels),<\/li>\n<li>De la r\u00e9novation optique de phares,<\/li>\n<li>De la protection longue ou tr\u00e8s longue dur\u00e9e (aglaze, cire extra wax\u2026),c\u00e9ramique,<\/li>\n<li>Du d\u00e9 flocage auto,<\/li>\n<li>Du lustrage et du polissage de carrosserie,<\/li>\n<li>Nous retirons aussi le film teint\u00e9 sur les v\u00e9hicules.<\/li>\n<li>De la pr\u00e9paration aux retour leasing<\/li>\n<li>De la r\u00e9affectation collaborateur<\/li>\n<li>De la pr\u00e9paration a la vente de V\u00e9hicule<\/li>\n<\/ul>\n<p><img loading=\"lazy\" class=\"aligncenter size-full wp-image-239\" src=\"http:\/\/lider-clean-auto.fr\/wp-content\/uploads\/2016\/10\/lider-clean-auto-accueil.png\" alt=\"lider-clean-auto-accueil\" width=\"1096\" height=\"210\" srcset=\"https:\/\/lider-clean-auto.fr\/wp-content\/uploads\/2016\/10\/lider-clean-auto-accueil.png 1096w, https:\/\/lider-clean-auto.fr\/wp-content\/uploads\/2016\/10\/lider-clean-auto-accueil-300x57.png 300w, https:\/\/lider-clean-auto.fr\/wp-content\/uploads\/2016\/10\/lider-clean-auto-accueil-768x147.png 768w, https:\/\/lider-clean-auto.fr\/wp-content\/uploads\/2016\/10\/lider-clean-auto-accueil-1024x196.png 1024w\" sizes=\"(max-width: 1096px) 100vw, 1096px\" \/><\/p>\n<hr \/>\n<p style=\"text-align: center;\">\u00a0 \u00a0 \u00a0 \u00a0 \u00a0 \u00a0 \u00a0 \u00a0 <img loading=\"lazy\" class=\"aligncenter  wp-image-456\" src=\"http:\/\/lider-clean-auto.fr\/wp-content\/uploads\/2018\/10\/LEIL0048.jpg\" alt=\"\" width=\"250\" height=\"250\" srcset=\"https:\/\/lider-clean-auto.fr\/wp-content\/uploads\/2018\/10\/LEIL0048.jpg 2048w, https:\/\/lider-clean-auto.fr\/wp-content\/uploads\/2018\/10\/LEIL0048-150x150.jpg 150w, https:\/\/lider-clean-auto.fr\/wp-content\/uploads\/2018\/10\/LEIL0048-300x300.jpg 300w, https:\/\/lider-clean-auto.fr\/wp-content\/uploads\/2018\/10\/LEIL0048-768x768.jpg 768w, https:\/\/lider-clean-auto.fr\/wp-content\/uploads\/2018\/10\/LEIL0048-1024x1024.jpg 1024w\" sizes=\"(max-width: 250px) 100vw, 250px\" \/>\u00a0Poseur agr\u00e9\u00e9<a href=\"http:\/\/www.aglaze.fr\"><strong> A-Glaze<\/strong><\/a>\u00a0et C\u00e9ramique NANO 9H<br \/>\n<a href=\"http:\/\/www.aglaze.fr\"><img loading=\"lazy\" class=\"aligncenter size-full wp-image-196\" src=\"http:\/\/lider-clean-auto.fr\/wp-content\/uploads\/2016\/10\/aglaze-logo1.png\" alt=\"aglaze-logo1\" width=\"233\" height=\"100\" \/><\/a><\/p>\n","protected":false},"excerpt":{"rendered":"<p>Lider Clean Auto est le sp\u00e9cialiste de la pr\u00e9paration esth\u00e9tique auto pour particuliers ou professionnels, dipl\u00f4m\u00e9 et vrai passionn\u00e9, nous r\u00e9alisons sur vos v\u00e9hicules : Du nettoyage sans eau ,d\u00e9graissage &#8230;<\/p>\n","protected":false},"author":1,"featured_media":0,"parent":0,"menu_order":0,"comment_status":"closed","ping_status":"closed","template":"","meta":[],"_links":{"self":[{"href":"https:\/\/lider-clean-auto.fr\/index.php\/wp-json\/wp\/v2\/pages\/14"}],"collection":[{"href":"https:\/\/lider-clean-auto.fr\/index.php\/wp-json\/wp\/v2\/pages"}],"about":[{"href":"https:\/\/lider-clean-auto.fr\/index.php\/wp-json\/wp\/v2\/types\/page"}],"author":[{"embeddable":true,"href":"https:\/\/lider-clean-auto.fr\/index.php\/wp-json\/wp\/v2\/users\/1"}],"replies":[{"embeddable":true,"href":"https:\/\/lider-clean-auto.fr\/index.php\/wp-json\/wp\/v2\/comments?post=14"}],"version-history":[{"count":15,"href":"https:\/\/lider-clean-auto.fr\/index.php\/wp-json\/wp\/v2\/pages\/14\/revisions"}],"predecessor-version":[{"id":538,"href":"https:\/\/lider-clean-auto.fr\/index.php\/wp-json\/wp\/v2\/pages\/14\/revisions\/538"}],"wp:attachment":[{"href":"https:\/\/lider-clean-auto.fr\/index.php\/wp-json\/wp\/v2\/media?parent=14"}],"curies":[{"name":"wp","href":"https:\/\/api.w.org\/{rel}","templated":true}]}}